n divisor of 110 and 418?
22
Calculate the highest common factor of 236 and 13098.
118
Calculate the highest common divisor of 27 and 2619.
27
What is the greatest common factor of 88 and 9416?
88
Calculate the highest common factor of 126 and 8218.
14
What is the greatest common divisor of 19497 and 402?
201
What is the highest common divisor of 44 and 1826?
22
Calculate the highest common factor of 315 and 175.
35
What is the greatest common factor of 410 and 1271?
41
What is the highest common factor of 25 and 50?
25
What is the greatest common factor of 561 and 66?
33
Calculate the greatest common factor of 117 and 507.
39
Calculate the greatest common divisor of 4117 and 46.
23
What is the greatest common factor of 39048 and 12?
12
What is the greatest common divisor of 215 and 43?
43
What is the highest common divisor of 279 and 9?
9
What is the highest common factor of 860 and 172?
172
What is the greatest common divisor of 4 and 16?
4
What is the greatest common factor of 377 and 13?
13
What is the highest common factor of 228 and 608?
76
What is the greatest common factor of 4736 and 37?
37
What is the highest common factor of 663 and 1479?
51
What is the highest common divisor of 2268 and 630?
126
Calculate the highest common divisor of 59 and 25.
1
Calculate the greatest common factor of 5194 and 106.
106
What is the highest common factor of 133 and 5145?
7
What is the greatest common divisor of 465 and 62?
31
Calculate the highest common divisor of 246 and 13366.
82
Calculate the greatest common factor of 504 and 324.
36
Calculate the greatest common factor of 243 and 45.
9
Calculate the highest common divisor of 33 and 2530.
11
Calculate the greatest common factor of 1573 and 91.
13
What is the highest common divisor of 30 and 102?
6
What is the greatest common factor of 7955 and 215?
215
Calculate the greatest common divisor of 5544 and 18.
18
Calculate the highest common factor of 5 and 155.
5
What is the greatest common divisor of 5 and 35?
5
Calculate the highest common factor of 91 and 63791.
91
Calculate the greatest common factor of 987 and 672.
21
What is the highest common factor of 3328 and 3120?
208
What is the highest common divisor of 68 and 20?
4
What is the greatest common divisor of 573 and 39?
3
What is the greatest common factor of 7371 and 1365?
273
What is the greatest common factor of 102 and 6?
6
What is the highest common divisor of 26 and 3926?
26
What is the greatest common factor of 117718 and 142?
142
Calculate the greatest common factor of 225 and 45.
45
Calculate the greatest common divisor of 18 and 948.
6
Calculate the greatest common factor of 30 and 18.
6
Calculate the highest common factor of 49 and 8771.
49
What is the highest common divisor of 396 and 48?
12
Calculate the highest common factor of 110 and 4.
2
Calculate the greatest common factor of 2356 and 532.
76
Calculate the highest common factor of 225 and 585.
45
What is the highest common factor of 522 and 7946?
58
Calculate the highest common factor of 22 and 374.
22
What is the greatest common divisor of 5 and 67?
1
Calculate the highest common divisor of 550 and 220.
110
Calculate the greatest common divisor of 132 and 99.
33
What is the highest common factor of 3325 and 380?
95
Calculate the highest common divisor of 320 and 512.
64
What is the greatest common factor of 234 and 6201?
117
Calculate the greatest common divisor of 162 and 15.
3
What is the highest common factor of 351 and 16?
1
What is the greatest common factor of 2975 and 1575?
175
What is the greatest common divisor of 100 and 7950?
50
What is the greatest common divisor of 492 and 252?
12
Calculate the greatest common factor of 1886 and 46.
46
What is the greatest common factor of 81 and 36?
9
Calculate the greatest common divisor of 352 and 544.
32
What is the greatest common factor of 11573 and 163?
163
Calculate the greatest common factor of 91 and 11830.
91
Calculate the greatest common divisor of 134 and 4.
2
Calculate the highest common factor of 25 and 445.
5
Calculate the highest common divisor of 3450 and 414.
138
What is the highest common factor of 351 and 27?
27
What is the highest common divisor of 8 and 128?
8
Calculate the highest common factor of 2360 and 40.
40
What is the highest common divisor of 28 and 91?
7
Calculate the highest common divisor of 28 and 44.
4
Calculate the highest common factor of 203 and 14.
7
What is the highest common factor of 78 and 42?
6
Calculate the greatest common factor of 23 and 2369.
23
What is the greatest common divisor of 248 and 2?
2
Calculate the greatest common factor of 5 and 63.
1
Calculate the highest common divisor of 2048 and 64.
64
Calculate the greatest common factor of 249 and 3237.
249
What is the highest common factor of 2147 and 3842?
113
What is the highest common divisor of 4097 and 1687?
241
Calculate the greatest common factor of 70 and 1148.
14
What is the greatest common factor of 180 and 1404?
36
Calculate the greatest common divisor of 429 and 66.
33
What is the highest common factor of 522 and 144?
18
What is the greatest common divisor of 3534 and 12?
6
Calculate the greatest common divisor of 198 and 297.
99
Calculate the greatest common divisor of 845 and 7345.
65
Calculate the highest common factor of 424 and 2809.
53
What is the highest common factor of 10 and 5?
5
What is the highest common divisor of 9 and 20988?
9
What is the greatest common divisor of 295 and 118?
59
Calculate the highest common factor of 234 and 18.
18
What is the greatest common factor of 2500 and 4?
4
What is the highest common factor of 14511 and 42?
21
Calculate the highest common factor of 399 and 357.
21
Calculate the greatest common divisor of 1188 and 108.
108
What is the highest common factor of 360 and 324?
36
Calculate the highest common factor of 36 and 1152.
36
What is the highest common factor of 442 and 39?
13
What is the highest common factor of 1550 and 100?
50
What is the greatest common factor of 99 and 7656?
33
What is the greatest common divisor of 209 and 72941?
209
What is the highest common divisor of 3277 and 29?
29
Calculate the greatest common factor of 1276 and 290.
58
What is the highest common factor of 623 and 14?
7
Calculate the greatest common divisor of 48 and 360.
24
Calculate the greatest common factor of 261 and 870.
87
Calculate the highest common divisor of 764 and 9359.
191
Calculate the highest common divisor of 15 and 1545.
15
Calculate the highest common divisor of 110 and 43560.
110
What is the highest common factor of 48 and 496?
16
Calculate the greatest common factor of 33 and 22.
11
What is the highest common factor of 33 and 33?
33
What is the highest common divisor of 6 and 102?
6
What is the highest common factor of 9 and 26?
1
Calculate the greatest common factor of 3124 and 22.
22
Calculate the greatest common divisor of 126 and 259.
7
Calculate the greatest common divisor of 144 and 684.
36
Calculate the highest common divisor of 387 and 43.
43
What is the greatest common factor of 485 and 3977?
97
What is the greatest common divisor of 85 and 33320?
85
Calculate the greatest common factor of 1204 and 1075.
43
Calculate the greatest common factor of 175 and 3550.
25
What is the highest common divisor of 294 and 1960?
98
What is the highest common divisor of 854 and 7?
7
Calculate the greatest common factor of 1073 and 74.
37
What is the highest common factor of 5 and 890?
5
What is the highest common factor of 129 and 86?
43
Calculate the greatest common divisor of 33 and 803.
11
Calculate the greatest common factor of 2839 and 17.
17
What is the highest common divisor of 2714 and 368?
46
Calculate the greatest common divisor of 4 and 1062.
2
What is the highest common factor of 1680 and 42?
42
Calculate the greatest common divisor of 39 and 60.
3
What is the greatest common divisor of 1022 and 1314?
146
Calculate the greatest common factor of 15 and 125.
5
Calculate the highest common divisor of 48 and 176.
16
Calculate the highest common divisor of 20984 and 122.
122
Calculate the highest common factor of 65 and 143.
13
Calculate the highest common divisor of 765 and 45.
45
What is the highest common factor of 252 and 420?
84
Calculate the greatest common 